a factor of 4626454?
True
Is 14194322 a multiple of 115?
False
Does 10 divide 39613?
False
Is 13 a factor of 593832?
False
Does 42 divide 83849?
False
Does 12 divide 14287?
False
Is 23 a factor of 195458?
False
Is 2523171 a multiple of 7?
True
Is 19 a factor of 295887?
True
Is 115 a factor of 7288125?
True
Is 45866 a multiple of 142?
True
Does 6 divide 3018275?
False
Does 105 divide 17987?
False
Is 629 a factor of 534757?
False
Is 265871 a multiple of 489?
False
Is 24 a factor of 341520?
True
Does 18 divide 156183?
False
Is 108 a factor of 19560?
False
Does 138 divide 205344?
True
Does 32 divide 371040?
True
Is 8 a factor of 101480?
True
Is 19 a factor of 2009007?
False
Is 977704 a multiple of 136?
True
Is 152 a factor of 410543?
False
Does 101 divide 6614914?
False
Is 299 a factor of 848263?
True
Does 44 divide 31900?
True
Is 109 a factor of 4461601?
False
Does 18 divide 408497?
False
Does 494 divide 632320?
True
Does 8 divide 5793358?
False
Is 134 a factor of 2494210?
False
Is 44 a factor of 493152?
True
Does 43 divide 11808144?
True
Is 35 a factor of 10486?
False
Is 75 a factor of 795300?
True
Is 17 a factor of 551344?
True
Is 91738 a multiple of 2?
True
Does 102 divide 2496450?
True
Is 16445675 a multiple of 70?
False
Is 10 a factor of 4580?
True
Is 5017592 a multiple of 948?
False
Is 741967 a multiple of 71?
False
Is 752627 a multiple of 98?
False
Does 13 divide 961571?
True
Does 9 divide 99427?
False
Is 40 a factor of 1637676?
False
Is 380 a factor of 56240?
True
Is 3160976 a multiple of 14?
True
Is 226464 a multiple of 48?
True
Is 654444 a multiple of 343?
True
Is 213590 a multiple of 53?
True
Does 72 divide 5296680?
True
Does 62 divide 5310777?
False
Does 175 divide 205275?
True
Does 38 divide 4598798?
True
Does 83 divide 6308081?
False
Is 13 a factor of 87815?
True
Is 9 a factor of 9396?
True
Is 28 a factor of 29904?
True
Is 12672 a multiple of 6?
True
Is 872 a factor of 2278140?
False
Is 319405 a multiple of 503?
True
Is 237270 a multiple of 30?
True
Is 506 a factor of 346458?
False
Does 104 divide 16305640?
True
Does 10 divide 639120?
True
Is 609662 a multiple of 12?
False
Is 22 a factor of 72094?
True
Is 94 a factor of 1213368?
False
Is 7 a factor of 18956?
True
Is 8 a factor of 22040?
True
Is 78188 a multiple of 44?
True
Is 279528 a multiple of 53?
False
Is 13 a factor of 4760361?
False
Is 896373 a multiple of 9?
True
Is 254 a factor of 3767461?
False
Does 181 divide 320008?
True
Is 129 a factor of 910611?
True
Is 143 a factor of 57010?
False
Is 4716403 a multiple of 24?
False
Is 4448146 a multiple of 18?
False
Is 25 a factor of 3445261?
False
Is 27675 a multiple of 75?
True
Is 14040804 a multiple of 303?
False
Does 20 divide 6515340?
True
Is 432588 a multiple of 13?
True
Is 18946110 a multiple of 15?
True
Is 663231 a multiple of 3?
True
Does 83 divide 3708108?
True
Is 127694 a multiple of 4?
False
Is 1410850 a multiple of 203?
True
Does 8 divide 1906212?
False
Does 20 divide 52291?
False
Is 2851 a multiple of 19?
False
Is 376459 a multiple of 8?
False
Does 123 divide 13284?
True
Is 1413516 a multiple of 17?
True
Is 713893 a multiple of 90?
False
Does 307 divide 1146338?
True
Is 1094828 a multiple of 427?
True
Does 111 divide 23382?
False
Does 8 divide 149592?
True
Is 1245702 a multiple of 13?
False
Does 547 divide 778928?
True
Is 94 a factor of 434049?
False
Is 331950 a multiple of 150?
True
Is 15 a factor of 1539705?
True
Is 32 a factor of 609090?
False
Does 727 divide 124317?
True
Does 25 divide 19736173?
False
Is 18 a factor of 657446?
False
Is 864430 a multiple of 10?
True
Is 465 a factor of 1348035?
True
Does 6 divide 2659882?
False
Does 82 divide 1693842?
False
Is 3 a factor of 282592?
False
Is 9 a factor of 1906866?
True
Does 187 divide 1021497?
False
Does 21 divide 340476?
False
Is 74094 a multiple of 50?
False
Is 160 a factor of 4251360?
True
Does 61 divide 52397?
False
Is 400 a factor of 179200?
True
Does 72 divide 48147?
False
Does 38 divide 21958414?
True
Is 17795545 a multiple of 63?
False
Is 434 a factor of 368710?
False
Does 579 divide 961719?
True
Is 36149 a multiple of 2?
False
Is 295 a factor of 749595?
True
Is 5 a factor of 57696?
False
Is 243935 a multiple of 14?
False
Does 14 divide 127200?
False
Is 203 a factor of 3819648?
True
Is 139668 a multiple of 618?
True
Is 90 a factor of 368910?
True
Is 30 a factor of 5506183?
False
Is 52 a factor of 370143?
False
Is 14 a factor of 20768524?
True
Does 1216 divide 2328149?
False
Does 9 divide 735660?
True
Is 10353072 a multiple of 3027?
False
Is 1904850 a multiple of 450?
True
Does 52 divide 8053934?
False
Is 4699026 a multiple of 503?
True
Is 16 a factor of 307184?
True
Is 282085 a multiple of 40?
False
Is 30733 a multiple of 160?
False
Does 17 divide 139537?
False
Is 94082 a multiple of 41?
False
Does 32 divide 391655?
False
Is 126566 a multiple of 242?
True
Does 76 divide 550439?
False
Is 118 a factor of 255480?
False
Is 2027 a factor of 10280944?
True
Is 448853 a multiple of 27?
False
Is 133687 a multiple of 97?
False
Is 17 a factor of 3720229?
True
Does 258 divide 320952?
True
Does 26 divide 204334?
True
Is 127926 a multiple of 138?
True
Is 386 a factor of 882629?
False
Does 66 divide 14200?
False
Is 36 a factor of 23386?
False
Is 7 a factor of 924280?
True
Is 257156 a multiple of 21?
False
Is 426 a factor of 18896467?
False
Is 39 a factor of 4895852?
False
Is 66 a factor of 2169420?
True
Does 29 divide 1187695?
True
Does 361 divide 8326346?
False
Is 370 a factor of 12357940?
False
Is 63 a factor of 506268?
True
Is 22 a factor of 344586?
True
Is 194990 a multiple of 34?
True
Is 412951 a multiple of 13?
False
Is 683903 a multiple of 133?
False
Is 74972 a multiple of 313?
False
Is 320112 a multiple of 104?
True
Does 168 divide 5282121?
False
Does 26 divide 663780?
True
Is 72990 a multiple of 56?
False
Is 1281840 a multiple of 30?
True
Is 207897 a multiple of 169?
False
Is 2 a factor of 3741?
False
Is 14833 even?
False
Is 45 a factor of 88790?
False
Is 2891709 a multiple of 14?
False
Is 159 a factor of 4134?
True
Does 13 divide 177671?
True
Is 104 a factor of 694304?
True
Is 15 a factor of 9131250?
True
Is 3311701 a multiple of 1125?
False
Is 79449 a multiple of 71?
True
Is 18901 a multiple of 79?
False
Is 6971760 a multiple of 421?
True
Is 26 a factor of 89934?
True
Is 194 a factor of 6596?
True
Is 2797998 a multiple of 21?
True
Does 847 divide 3306027?
False
Is 93 a factor of 2794653?
False
Is 55348 a multiple of 101?
True
Does 106 divide 5702058?
True
Does 19 divide 3588545?
False
Is 12252650 a multiple of 25?
True
Does 12 divide 426048?
True
Does 204 divide 1513390?
False
Is 345 a factor of 85215?
True
Does 251 divide 10718782?
False
Does 19 divide 337899?
False
Does 135 divide 1379700?
True
Does 218 divide 4400121?
False
Is 2814812 a multiple of 5?
False
Is 21 a factor of 11377430?
False
Is 1374 a factor of 1246402?
False
Does 1402 divide 14752916?
False
Does 239 divide 491862?
True
Is 297 a factor of 130680?
True
Does 909 divide 1875267?
True
Is 325650 a multiple of 140?
False
Is 320 a factor of 5110400?
True
Is 5 a factor of 106929?
False
Is 18 a factor of 101384?
False
Does 19 divide 146661?
True
Does 20 divide 25180?
True
Does 1900 divide 3961500?
True
Is 90860 a multiple of 286?
False
Does 226 divide 1329190?
False
Does 44 divide 3927000?
True
Does 31 divide 17461550?
False
Is 22 a factor of 24814?
False
Is 363 a factor of 2436290?
False
Is 4 a factor of 119349?
False
Is 44 a factor of 71896?
True
Does 659 divide 18904733?
True
Does 162 divide 108054?
True
Does 115 divide 14494370?
True
Is 2959749 a multiple of 92?
False
Is 3766295 a multiple of 23?
False
Is 178728 a multiple of 33?
True
Is 34 a factor of 3841568?
False
Is 65690 a multiple of 5?
True
Does 915 divide 172628?
False
Does 17 divide 227103?
True
Is 15 a factor of 979001?
False
Is 6 a factor of 112085?
False
Does 182 divide 801892?
True
Is 3881304 a multiple of 30?
False
Is 2330066 a multiple of 206?
True
Is 394 a factor of 421974?
True
Does 1810 divide 16767840?
True
Is 42 a factor of 2935426?
False
Does 33 divide 400937?
False
Is 46 a factor of 505034?
True
Is 1555995 a multiple of 203?
True
Is 864 a factor of 1299667?
False
Does 3 divide 98431?
False
Is 342 a factor of 20616444?
True
Doe